{"id":18884,"date":"2025-05-17T15:31:04","date_gmt":"2025-05-17T14:31:04","guid":{"rendered":"https:\/\/hautsdefrance-brassband.fr\/?post_type=tribe_events&#038;p=18884"},"modified":"2025-05-19T08:31:21","modified_gmt":"2025-05-19T07:31:21","slug":"cambrai-france-concert-du-hfbb","status":"publish","type":"tribe_events","link":"https:\/\/hautsdefrance-brassband.fr\/?tribe_events=cambrai-france-concert-du-hfbb","title":{"rendered":"Cambrai (France) : Concert du HFBB"},"content":{"rendered":"<p><strong>LUC VERTOMMEN<\/strong> direction<\/p>\n<div class=\"description__texte\">\n<p><strong>Jubil\u00e9<\/strong><\/p>\n<p>Le Hauts-de-France Brass Band compte dans ses rangs les meilleurs cuivres et percussions et f\u00eate musicalement le d\u00e9but de l\u2019\u00e9t\u00e9 avec son programme Jubil\u00e9. Pour la dixi\u00e8me fois, l\u2019orchestre a remport\u00e9 le titre de Champion de France et il c\u00e9l\u00e9brera son jubil\u00e9 avec le public de Cambrai dans un programme festif et \u00e9blouissant.<br \/>\nJUBILE Au programme, de la musique originale pour brass band des compositeurs anglais Philip Sparke et Tom Davoren, des arrangements de chefs-d\u2019oeuvre classiques et des pi\u00e8ces virtuoses en solo. L\u2019orchestre entame l\u2019\u00e9t\u00e9 de mani\u00e8re festive avec un juke-box musical de musique fran\u00e7aise dans lequel le public a \u00e9galement son mot \u00e0 dire.<\/p>\n<p>Concert gratuit en plein air !<\/p>\n<\/div>\n","protected":false},"excerpt":{"rendered":"<p>LUC VERTOMMEN direction Jubil\u00e9 Le Hauts-de-France Brass Band compte dans ses rangs les meilleurs cuivres et percussions et f\u00eate musicalement le d\u00e9but de l\u2019\u00e9t\u00e9 avec son programme Jubil\u00e9. Pour la [&hellip;]<\/p>\n","protected":false},"author":95,"featured_media":18896,"comment_status":"open","ping_status":"closed","template":"","meta":{"_tribe_events_status":"","_tribe_events_status_reason":"","footnotes":""},"tags":[],"tribe_events_cat":[35],"class_list":["post-18884","tribe_events","type-tribe_events","status-publish","has-post-thumbnail","hentry","tribe_events_cat-concerts","cat_concerts","entry"],"jetpack_sharing_enabled":true,"_links":{"self":[{"href":"https:\/\/hautsdefrance-brassband.fr\/index.php?rest_route=\/wp\/v2\/tribe_events\/18884"}],"collection":[{"href":"https:\/\/hautsdefrance-brassband.fr\/index.php?rest_route=\/wp\/v2\/tribe_events"}],"about":[{"href":"https:\/\/hautsdefrance-brassband.fr\/index.php?rest_route=\/wp\/v2\/types\/tribe_events"}],"author":[{"embeddable":true,"href":"https:\/\/hautsdefrance-brassband.fr\/index.php?rest_route=\/wp\/v2\/users\/95"}],"replies":[{"embeddable":true,"href":"https:\/\/hautsdefrance-brassband.fr\/index.php?rest_route=%2Fwp%2Fv2%2Fcomments&post=18884"}],"version-history":[{"count":3,"href":"https:\/\/hautsdefrance-brassband.fr\/index.php?rest_route=\/wp\/v2\/tribe_events\/18884\/revisions"}],"predecessor-version":[{"id":18899,"href":"https:\/\/hautsdefrance-brassband.fr\/index.php?rest_route=\/wp\/v2\/tribe_events\/18884\/revisions\/18899"}],"wp:featuredmedia":[{"embeddable":true,"href":"https:\/\/hautsdefrance-brassband.fr\/index.php?rest_route=\/wp\/v2\/media\/18896"}],"wp:attachment":[{"href":"https:\/\/hautsdefrance-brassband.fr\/index.php?rest_route=%2Fwp%2Fv2%2Fmedia&parent=18884"}],"wp:term":[{"taxonomy":"post_tag","embeddable":true,"href":"https:\/\/hautsdefrance-brassband.fr\/index.php?rest_route=%2Fwp%2Fv2%2Ftags&post=18884"},{"taxonomy":"tribe_events_cat","embeddable":true,"href":"https:\/\/hautsdefrance-brassband.fr\/index.php?rest_route=%2Fwp%2Fv2%2Ftribe_events_cat&post=18884"}],"curies":[{"name":"wp","href":"https:\/\/api.w.org\/{rel}","templated":true}]}}

<p><strong>LUC VERTOMMEN</strong> direction</p>
<div class="description__texte">
<p><strong>Jubilé</strong></p>
<p>Le Hauts-de-France Brass Band compte dans ses rangs les meilleurs cuivres et percussions et fête musicalement le début de l’été avec son programme Jubilé. Pour la dixième fois, l’orchestre a remporté le titre de Champion de France et il célébrera son jubilé avec le public de Cambrai dans un programme festif et éblouissant.<br />
JUBILE Au programme, de la musique originale pour brass band des compositeurs anglais Philip Sparke et Tom Davoren, des arrangements de chefs-d’oeuvre classiques et des pièces virtuoses en solo. L’orchestre entame l’été de manière festive avec un juke-box musical de musique française dans lequel le public a également son mot à dire.</p>
<p>Concert gratuit en plein air !</p>
</div>

<p>LUC VERTOMMEN direction Jubilé Le Hauts-de-France Brass Band compte dans ses rangs les meilleurs cuivres et percussions et fête musicalement le début de l’été avec son programme Jubilé. Pour la [&hellip;]</p>
