{"id":2898,"date":"2019-10-17T01:48:07","date_gmt":"2019-10-17T00:48:07","guid":{"rendered":"https:\/\/hautsdefrance-brassband.fr\/?post_type=product&#038;p=2898"},"modified":"2026-04-13T19:40:09","modified_gmt":"2026-04-13T18:40:09","slug":"cd-poemes","status":"publish","type":"product","link":"https:\/\/hautsdefrance-brassband.fr\/?product=cd-poemes","title":{"rendered":"CD \u00ab\u00a0Po\u00e8mes\u00a0\u00bb"},"content":{"rendered":"<div class=\"jetpack-video-wrapper\"><iframe title=\"Lilian Meurin, Victor M\u00e9tral - Po\u00e8mes\" width=\"640\" height=\"360\" src=\"https:\/\/www.youtube.com\/embed\/BTdCZfuthmg?feature=oembed\" frameborder=\"0\" allow=\"accelerometer; autoplay; clipboard-write; encrypted-media; gyroscope; picture-in-picture; web-share\" referrerpolicy=\"strict-origin-when-cross-origin\" allowfullscreen><\/iframe><\/div>\n","protected":false},"excerpt":{"rendered":"<p><strong>Lilian Meurin<\/strong>, euphonium<br \/>\n<strong>Victor M\u00e9tral<\/strong>, piano<\/p>\n<p>Lilian Meurin, euphonium solo du <em>Hauts-de-France Brass Band<\/em>, s&rsquo;impose sur la sc\u00e8ne musicale comme l&rsquo;un des musiciens les plus talenteux de la jeune g\u00e9n\u00e9ration. A travers un r\u00e9pertoire fran\u00e7ais all\u00e9chant, il nous fait d\u00e9couvrir et appr\u00e9cier la chaleur et la virtuosit\u00e9 de l&rsquo;euphonium.<\/p>\n","protected":false},"featured_media":2900,"comment_status":"open","ping_status":"closed","template":"","meta":[],"product_brand":[],"product_cat":[20],"product_tag":[],"class_list":{"0":"post-2898","1":"product","2":"type-product","3":"status-publish","4":"has-post-thumbnail","6":"product_cat-cd","7":"entry","9":"first","10":"instock","11":"featured","12":"shipping-taxable","13":"product-type-external"},"jetpack_sharing_enabled":true,"_links":{"self":[{"href":"https:\/\/hautsdefrance-brassband.fr\/index.php?rest_route=\/wp\/v2\/product\/2898"}],"collection":[{"href":"https:\/\/hautsdefrance-brassband.fr\/index.php?rest_route=\/wp\/v2\/product"}],"about":[{"href":"https:\/\/hautsdefrance-brassband.fr\/index.php?rest_route=\/wp\/v2\/types\/product"}],"replies":[{"embeddable":true,"href":"https:\/\/hautsdefrance-brassband.fr\/index.php?rest_route=%2Fwp%2Fv2%2Fcomments&post=2898"}],"wp:featuredmedia":[{"embeddable":true,"href":"https:\/\/hautsdefrance-brassband.fr\/index.php?rest_route=\/wp\/v2\/media\/2900"}],"wp:attachment":[{"href":"https:\/\/hautsdefrance-brassband.fr\/index.php?rest_route=%2Fwp%2Fv2%2Fmedia&parent=2898"}],"wp:term":[{"taxonomy":"product_brand","embeddable":true,"href":"https:\/\/hautsdefrance-brassband.fr\/index.php?rest_route=%2Fwp%2Fv2%2Fproduct_brand&post=2898"},{"taxonomy":"product_cat","embeddable":true,"href":"https:\/\/hautsdefrance-brassband.fr\/index.php?rest_route=%2Fwp%2Fv2%2Fproduct_cat&post=2898"},{"taxonomy":"product_tag","embeddable":true,"href":"https:\/\/hautsdefrance-brassband.fr\/index.php?rest_route=%2Fwp%2Fv2%2Fproduct_tag&post=2898"}],"curies":[{"name":"wp","href":"https:\/\/api.w.org\/{rel}","templated":true}]}}

CD « Poèmes »

<div class="jetpack-video-wrapper"><iframe title="Lilian Meurin, Victor Métral - Poèmes" width="640" height="360" src="https://www.youtube.com/embed/BTdCZfuthmg?feature=oembed" frameborder="0" allow="accelerometer; autoplay; clipboard-write; encrypted-media; gyroscope; picture-in-picture; web-share" referrerpolicy="strict-origin-when-cross-origin" allowfullscreen></iframe></div>

<p><strong>Lilian Meurin</strong>, euphonium<br />
<strong>Victor Métral</strong>, piano</p>
<p>Lilian Meurin, euphonium solo du <em>Hauts-de-France Brass Band</em>, s&rsquo;impose sur la scène musicale comme l&rsquo;un des musiciens les plus talenteux de la jeune génération. A travers un répertoire français alléchant, il nous fait découvrir et apprécier la chaleur et la virtuosité de l&rsquo;euphonium.</p>
