{"id":466,"date":"2014-07-28T22:48:02","date_gmt":"2014-07-28T21:48:02","guid":{"rendered":"http:\/\/brassband-npdc.fr\/?page_id=466"},"modified":"2025-06-07T18:42:16","modified_gmt":"2025-06-07T17:42:16","slug":"spectacles","status":"publish","type":"page","link":"https:\/\/hautsdefrance-brassband.fr\/?page_id=466","title":{"rendered":"Concerts \/ Spectacles"},"content":{"rendered":"\t\t<div data-elementor-type=\"wp-page\" data-elementor-id=\"466\" class=\"elementor elementor-466\" data-elementor-post-type=\"page\">\n\t\t\t\t\t\t<section class=\"elementor-section elementor-top-section elementor-element elementor-element-8299036 elementor-section-boxed elementor-section-height-default elementor-section-height-default\" data-id=\"8299036\" data-element_type=\"section\">\n\t\t\t\t\t\t<div class=\"elementor-container elementor-column-gap-default\">\n\t\t\t\t\t<div class=\"elementor-column elementor-col-100 elementor-top-column elementor-element elementor-element-f428f1d\" data-id=\"f428f1d\" data-element_type=\"column\">\n\t\t\t<div class=\"elementor-widget-wrap elementor-element-populated\">\n\t\t\t\t\t\t<div class=\"elementor-element elementor-element-0bf490f elementor-widget elementor-widget-heading\" data-id=\"0bf490f\" data-element_type=\"widget\" data-widget_type=\"heading.default\">\n\t\t\t\t<div class=\"elementor-widget-container\">\n\t\t\t<h1 class=\"elementor-heading-title elementor-size-default\">Concerts<\/h1>\t\t<\/div>\n\t\t\t\t<\/div>\n\t\t\t\t\t<\/div>\n\t\t<\/div>\n\t\t\t\t\t<\/div>\n\t\t<\/section>\n\t\t\t\t<section class=\"elementor-section elementor-top-section elementor-element elementor-element-3994b109 elementor-section-boxed elementor-section-height-default elementor-section-height-default\" data-id=\"3994b109\" data-element_type=\"section\">\n\t\t\t\t\t\t<div class=\"elementor-container elementor-column-gap-default\">\n\t\t\t\t\t<div class=\"elementor-column elementor-col-33 elementor-top-column elementor-element elementor-element-1e41b557\" data-id=\"1e41b557\" data-element_type=\"column\">\n\t\t\t<div class=\"elementor-widget-wrap elementor-element-populated\">\n\t\t\t\t\t\t<div class=\"elementor-element elementor-element-099535e elementor-widget elementor-widget-image\" data-id=\"099535e\" data-element_type=\"widget\" data-widget_type=\"image.default\">\n\t\t\t\t<div class=\"elementor-widget-container\">\n\t\t\t\t\t\t\t\t\t\t\t\t\t<img fetchpriority=\"high\" decoding=\"async\" width=\"640\" height=\"640\" src=\"https:\/\/hautsdefrance-brassband.fr\/wp-content\/uploads\/2019\/12\/brass-band-carr\u00e9.jpg\" class=\"attachment-large size-large wp-image-3547\" alt=\"\" srcset=\"https:\/\/hautsdefrance-brassband.fr\/wp-content\/uploads\/2019\/12\/brass-band-carr\u00e9.jpg 1000w, https:\/\/hautsdefrance-brassband.fr\/wp-content\/uploads\/2019\/12\/brass-band-carr\u00e9-150x150.jpg 150w, https:\/\/hautsdefrance-brassband.fr\/wp-content\/uploads\/2019\/12\/brass-band-carr\u00e9-300x300.jpg 300w, https:\/\/hautsdefrance-brassband.fr\/wp-content\/uploads\/2019\/12\/brass-band-carr\u00e9-768x768.jpg 768w, https:\/\/hautsdefrance-brassband.fr\/wp-content\/uploads\/2019\/12\/brass-band-carr\u00e9-450x450.jpg 450w, https:\/\/hautsdefrance-brassband.fr\/wp-content\/uploads\/2019\/12\/brass-band-carr\u00e9-100x100.jpg 100w\" sizes=\"(max-width: 34.9rem) calc(100vw - 2rem), (max-width: 53rem) calc(8 * (100vw \/ 12)), (min-width: 53rem) calc(6 * (100vw \/ 12)), 100vw\" \/>\t\t\t\t\t\t\t\t\t\t\t\t\t<\/div>\n\t\t\t\t<\/div>\n\t\t\t\t\t<\/div>\n\t\t<\/div>\n\t\t\t\t<div class=\"elementor-column elementor-col-66 elementor-top-column elementor-element elementor-element-5ef7bea\" data-id=\"5ef7bea\" data-element_type=\"column\">\n\t\t\t<div class=\"elementor-widget-wrap elementor-element-populated\">\n\t\t\t\t\t\t<div class=\"elementor-element elementor-element-a62e6a7 elementor-widget elementor-widget-text-editor\" data-id=\"a62e6a7\" data-element_type=\"widget\" data-widget_type=\"text-editor.default\">\n\t\t\t\t<div class=\"elementor-widget-container\">\n\t\t\t\t\t\t\t<p>Le <b>Hauts-de-France Brass Band<\/b> propose aux organisateurs diff\u00e9rentes formules. Lors de nos \u00ab\u00a0<b>concerts traditionnels<\/b>\u00a0\u00bb ou \u00ab\u00a0<b>concerts de gala<\/b>\u00ab\u00a0, nous proposons un <b>r\u00e9pertoire vari\u00e9<\/b> incluant des <b>\u0153uvres originales<\/b> pour brass band telles que des pi\u00e8ces de concours pr\u00e9sentant un <b>haut niveau de virtuosit\u00e9<\/b> ainsi que <b>transcriptions d\u2019\u0153uvres classiques<\/b>, des <b>arrangements de musiques populaires<\/b> (vari\u00e9t\u00e9s, pop, etc.) ou des <b>concertos <\/b>mettant en valeur <b>la virtuosit\u00e9 de solistes du brass band et d&rsquo;invit\u00e9s ext\u00e9rieurs<\/b>.<\/p><p>Nous \u00e9tablissons les programmes des concerts <b>en partenariat avec les organisateurs<\/b> afin de rendre <b>chaque \u00e9v\u00e9nement unique<\/b>. Nous proposons des formules de concert en<b> 2 parties avec entracte <\/b>ou des secondes parties uniquement <b>en partenariat avec des orchestres locaux<\/b>.<\/p><p>Enfin, nous proposons \u00e9galement aux organisateurs <b>des animations scolaires<\/b>, <b>des <i>master class<\/i><\/b>, des <b>animations de musique de chambre<\/b> afin d&rsquo;appuyer la <b>promotion de la pratique musicale<\/b> effectu\u00e9e au sein des collectivit\u00e9s locales et la d\u00e9couverte du brass band aupr\u00e8s du plus large public possible.<\/p>\t\t\t\t\t\t<\/div>\n\t\t\t\t<\/div>\n\t\t\t\t\t<\/div>\n\t\t<\/div>\n\t\t\t\t\t<\/div>\n\t\t<\/section>\n\t\t\t\t<section class=\"elementor-section elementor-top-section elementor-element elementor-element-cf32a63 elementor-section-boxed elementor-section-height-default elementor-section-height-default\" data-id=\"cf32a63\" data-element_type=\"section\">\n\t\t\t\t\t\t<div class=\"elementor-container elementor-column-gap-default\">\n\t\t\t\t\t<div class=\"elementor-column elementor-col-100 elementor-top-column elementor-element elementor-element-ae51ea5\" data-id=\"ae51ea5\" data-element_type=\"column\">\n\t\t\t<div class=\"elementor-widget-wrap elementor-element-populated\">\n\t\t\t\t\t\t<div class=\"elementor-element elementor-element-9b2e002 elementor-widget-divider--view-line elementor-widget elementor-widget-divider\" data-id=\"9b2e002\" data-element_type=\"widget\" data-widget_type=\"divider.default\">\n\t\t\t\t<div class=\"elementor-widget-container\">\n\t\t\t\t\t<div class=\"elementor-divider\">\n\t\t\t<span class=\"elementor-divider-separator\">\n\t\t\t\t\t\t<\/span>\n\t\t<\/div>\n\t\t\t\t<\/div>\n\t\t\t\t<\/div>\n\t\t\t\t<div class=\"elementor-element elementor-element-c8ab575 elementor-widget elementor-widget-heading\" data-id=\"c8ab575\" data-element_type=\"widget\" data-widget_type=\"heading.default\">\n\t\t\t\t<div class=\"elementor-widget-container\">\n\t\t\t<h1 class=\"elementor-heading-title elementor-size-default\">Spectacles<\/h1>\t\t<\/div>\n\t\t\t\t<\/div>\n\t\t\t\t<div class=\"elementor-element elementor-element-381432e elementor-widget elementor-widget-text-editor\" data-id=\"381432e\" data-element_type=\"widget\" data-widget_type=\"text-editor.default\">\n\t\t\t\t<div class=\"elementor-widget-container\">\n\t\t\t\t\t\t\t<p>Depuis une dizaine d&rsquo;ann\u00e9es, le <b>Hauts-de-France Brass Band<\/b> propose \u00e9galement des formules de spectacles \u00ab\u00a0clefs en main\u00a0\u00bb particuli\u00e8rement adapt\u00e9s aux grandes salles de spectacle. Notre proposons actuellement 3 spectacles diff\u00e9rents : L\u00e9gende celtique avec un pipe band de cornemuses, An age of kings avec Choeur et Ch\u00e2teau des anges avec une projection de plus de 200 photographies historiques de la premi\u00e8re guerre modiale dont voici un extrait :&nbsp;<\/p>\t\t\t\t\t\t<\/div>\n\t\t\t\t<\/div>\n\t\t\t\t<div class=\"elementor-element elementor-element-a8624a4 elementor-widget elementor-widget-video\" data-id=\"a8624a4\" data-element_type=\"widget\" data-settings=\"{&quot;youtube_url&quot;:&quot;https:\\\/\\\/youtu.be\\\/yOf2iZFk5LQ?si=jVo61gYKupPuEdGc&quot;,&quot;video_type&quot;:&quot;youtube&quot;,&quot;controls&quot;:&quot;yes&quot;}\" data-widget_type=\"video.default\">\n\t\t\t\t<div class=\"elementor-widget-container\">\n\t\t\t\t\t<div class=\"elementor-wrapper elementor-open-inline\">\n\t\t\t<div class=\"elementor-video\"><\/div>\t\t<\/div>\n\t\t\t\t<\/div>\n\t\t\t\t<\/div>\n\t\t\t\t\t<\/div>\n\t\t<\/div>\n\t\t\t\t\t<\/div>\n\t\t<\/section>\n\t\t\t\t<section class=\"elementor-section elementor-top-section elementor-element elementor-element-9017fee elementor-section-boxed elementor-section-height-default elementor-section-height-default\" data-id=\"9017fee\" data-element_type=\"section\">\n\t\t\t\t\t\t<div class=\"elementor-container elementor-column-gap-default\">\n\t\t\t\t\t<div class=\"elementor-column elementor-col-33 elementor-top-column elementor-element elementor-element-1931ce2\" data-id=\"1931ce2\" data-element_type=\"column\">\n\t\t\t<div class=\"elementor-widget-wrap elementor-element-populated\">\n\t\t\t\t\t\t<div class=\"elementor-element elementor-element-3a9127a elementor-widget elementor-widget-heading\" data-id=\"3a9127a\" data-element_type=\"widget\" data-widget_type=\"heading.default\">\n\t\t\t\t<div class=\"elementor-widget-container\">\n\t\t\t<h4 class=\"elementor-heading-title elementor-size-default\">L\u00e9gende Celtique<\/h4>\t\t<\/div>\n\t\t\t\t<\/div>\n\t\t\t\t<div class=\"elementor-element elementor-element-40438ba elementor-widget elementor-widget-image\" data-id=\"40438ba\" data-element_type=\"widget\" data-widget_type=\"image.default\">\n\t\t\t\t<div class=\"elementor-widget-container\">\n\t\t\t\t\t\t\t\t\t\t\t\t\t<img decoding=\"async\" width=\"640\" height=\"905\" src=\"https:\/\/hautsdefrance-brassband.fr\/wp-content\/uploads\/2019\/10\/affiche_celte-724x1024.jpg\" class=\"attachment-large size-large wp-image-2524\" alt=\"\" srcset=\"https:\/\/hautsdefrance-brassband.fr\/wp-content\/uploads\/2019\/10\/affiche_celte-724x1024.jpg 724w, https:\/\/hautsdefrance-brassband.fr\/wp-content\/uploads\/2019\/10\/affiche_celte-212x300.jpg 212w, https:\/\/hautsdefrance-brassband.fr\/wp-content\/uploads\/2019\/10\/affiche_celte-768x1086.jpg 768w, https:\/\/hautsdefrance-brassband.fr\/wp-content\/uploads\/2019\/10\/affiche_celte-450x636.jpg 450w, https:\/\/hautsdefrance-brassband.fr\/wp-content\/uploads\/2019\/10\/affiche_celte.jpg 1190w\" sizes=\"(max-width: 34.9rem) calc(100vw - 2rem), (max-width: 53rem) calc(8 * (100vw \/ 12)), (min-width: 53rem) calc(6 * (100vw \/ 12)), 100vw\" \/>\t\t\t\t\t\t\t\t\t\t\t\t\t<\/div>\n\t\t\t\t<\/div>\n\t\t\t\t<div class=\"elementor-element elementor-element-1d4fdf1 elementor-widget elementor-widget-text-editor\" data-id=\"1d4fdf1\" data-element_type=\"widget\" data-widget_type=\"text-editor.default\">\n\t\t\t\t<div class=\"elementor-widget-container\">\n\t\t\t\t\t\t\t<p><b>Histoire captivante<\/b>, port\u00e9e par la musique, o\u00f9 l\u2019on retrouve des <b>succ\u00e8s majeurs de musique celtique<\/b> et des compositions\u00a0originales, agenc\u00e9s pour illustrer un conte retra\u00e7ant les aventures d\u2019un jeune paysan qui, aid\u00e9 d\u2019un druide, accomplit son destin\u00a0en brisant les forces mal\u00e9fiques d\u2019une sorci\u00e8re et en d\u00e9livrant une jeune et belle princesse. Tous les ingr\u00e9dients sont ainsi r\u00e9unis\u00a0pour faire de ce spectacle u<b>n grand moment d\u2019\u00e9motion.<\/b><\/p><p>Le 25 octobre 2019, le spectacle \u00ab\u00a0<b>L\u00e9gende Celtique<\/b>\u00a0\u00bb a f\u00eat\u00e9 ses <b>10 ans de succ\u00e8s<\/b>. Il fut donn\u00e9 <b>plus d&rsquo;une centaine de fois<\/b> dans notre r\u00e9gion et dans tout le pays. Un enregistrement vid\u00e9o du spectacle a \u00e9t\u00e9 r\u00e9alis\u00e9 au centre culturel d&rsquo;Haubourdin et il fut diffus\u00e9 de nombreuses fois sur la<b> cha\u00eene r\u00e9gionale WEO<\/b>.<\/p><p>Vous trouverez le <b>DVD <\/b>du spectacle dans notre boutique en ligne \u00e0 <b>un prix tr\u00e8s attractif<\/b>.<\/p>\t\t\t\t\t\t<\/div>\n\t\t\t\t<\/div>\n\t\t\t\t\t<\/div>\n\t\t<\/div>\n\t\t\t\t<div class=\"elementor-column elementor-col-33 elementor-top-column elementor-element elementor-element-d165e0f\" data-id=\"d165e0f\" data-element_type=\"column\">\n\t\t\t<div class=\"elementor-widget-wrap elementor-element-populated\">\n\t\t\t\t\t\t<div class=\"elementor-element elementor-element-0f09967 elementor-widget elementor-widget-heading\" data-id=\"0f09967\" data-element_type=\"widget\" data-widget_type=\"heading.default\">\n\t\t\t\t<div class=\"elementor-widget-container\">\n\t\t\t<h4 class=\"elementor-heading-title elementor-size-default\">An Edge of Kings<\/h4>\t\t<\/div>\n\t\t\t\t<\/div>\n\t\t\t\t<div class=\"elementor-element elementor-element-5381693 elementor-widget elementor-widget-image\" data-id=\"5381693\" data-element_type=\"widget\" data-widget_type=\"image.default\">\n\t\t\t\t<div class=\"elementor-widget-container\">\n\t\t\t\t\t\t\t\t\t\t\t\t\t<img decoding=\"async\" width=\"640\" height=\"906\" src=\"https:\/\/hautsdefrance-brassband.fr\/wp-content\/uploads\/2019\/12\/AOK-723x1024.png\" class=\"attachment-large size-large wp-image-3481\" alt=\"\" srcset=\"https:\/\/hautsdefrance-brassband.fr\/wp-content\/uploads\/2019\/12\/AOK-723x1024.png 723w, https:\/\/hautsdefrance-brassband.fr\/wp-content\/uploads\/2019\/12\/AOK-212x300.png 212w, https:\/\/hautsdefrance-brassband.fr\/wp-content\/uploads\/2019\/12\/AOK-768x1087.png 768w, https:\/\/hautsdefrance-brassband.fr\/wp-content\/uploads\/2019\/12\/AOK-1568x2220.png 1568w, https:\/\/hautsdefrance-brassband.fr\/wp-content\/uploads\/2019\/12\/AOK-450x637.png 450w\" sizes=\"(max-width: 34.9rem) calc(100vw - 2rem), (max-width: 53rem) calc(8 * (100vw \/ 12)), (min-width: 53rem) calc(6 * (100vw \/ 12)), 100vw\" \/>\t\t\t\t\t\t\t\t\t\t\t\t\t<\/div>\n\t\t\t\t<\/div>\n\t\t\t\t<div class=\"elementor-element elementor-element-6afa167 elementor-widget elementor-widget-text-editor\" data-id=\"6afa167\" data-element_type=\"widget\" data-widget_type=\"text-editor.default\">\n\t\t\t\t<div class=\"elementor-widget-container\">\n\t\t\t\t\t\t\t<p>Le Brass Band, fid\u00e8le \u00e0 son souhait de diversifier progressivement son r\u00e9pertoire musical et ainsi r\u00e9pondre \u00e0 des attentes\u00a0h\u00e9t\u00e9rog\u00e8nes en mati\u00e8re de go\u00fbts musicaux, propose un nouveau spectacle intitul\u00e9 \u00ab <b>An Age Of Kings<\/b> \u00bb.<\/p><p>Comme son nom l\u2019indique, il arrive \u00e0 son apoth\u00e9ose lors de l\u2019interpr\u00e9tation de l\u2019\u0153uvre \u00e9ponyme <b>d\u2019Edward Gregson<\/b>, qui regroupe un <b>Brass Band<\/b>\u00a0(en formation particuli\u00e8re), un <b>ch\u0153ur d\u2019hommes<\/b>, un <b>orgue<\/b>, une <b>mezzo-soprano<\/b> et une <b>harpe<\/b>.<\/p><p><b>\u0152uvre magistrale<\/b>, interpr\u00e9t\u00e9e par un ensemble atypique compos\u00e9 de pr\u00e8s <b>d\u2019une centaine de musiciens<\/b> et d\u2019intervenants, ce spectacle s\u2019articule autour d\u2019\u0153uvres pour Brass Band seul, Brass Band et ch\u0153ur, orgue seul et Brass Band et orgue. Vous pourrez \u00e9couter tout au long de ce concert, des associations musicales originales qui vous feront d\u00e9couvrir ou red\u00e9couvrir le Brass Band sous des angles diff\u00e9rents.<\/p>\t\t\t\t\t\t<\/div>\n\t\t\t\t<\/div>\n\t\t\t\t\t<\/div>\n\t\t<\/div>\n\t\t\t\t<div class=\"elementor-column elementor-col-33 elementor-top-column elementor-element elementor-element-0c18778\" data-id=\"0c18778\" data-element_type=\"column\">\n\t\t\t<div class=\"elementor-widget-wrap elementor-element-populated\">\n\t\t\t\t\t\t<div class=\"elementor-element elementor-element-b912651 elementor-widget elementor-widget-heading\" data-id=\"b912651\" data-element_type=\"widget\" data-widget_type=\"heading.default\">\n\t\t\t\t<div class=\"elementor-widget-container\">\n\t\t\t<h4 class=\"elementor-heading-title elementor-size-default\">Ch\u00e2teau des Anges<\/h4>\t\t<\/div>\n\t\t\t\t<\/div>\n\t\t\t\t<div class=\"elementor-element elementor-element-7f6770d elementor-widget elementor-widget-image\" data-id=\"7f6770d\" data-element_type=\"widget\" data-widget_type=\"image.default\">\n\t\t\t\t<div class=\"elementor-widget-container\">\n\t\t\t\t\t\t\t\t\t\t\t\t\t<img loading=\"lazy\" decoding=\"async\" width=\"640\" height=\"360\" src=\"https:\/\/hautsdefrance-brassband.fr\/wp-content\/uploads\/2025\/05\/musiciens-verdun-1024x576.jpg\" class=\"attachment-large size-large wp-image-18917\" alt=\"\" srcset=\"https:\/\/hautsdefrance-brassband.fr\/wp-content\/uploads\/2025\/05\/musiciens-verdun-1024x576.jpg 1024w, https:\/\/hautsdefrance-brassband.fr\/wp-content\/uploads\/2025\/05\/musiciens-verdun-768x432.jpg 768w\" sizes=\"(max-width: 34.9rem) calc(100vw - 2rem), (max-width: 53rem) calc(8 * (100vw \/ 12)), (min-width: 53rem) calc(6 * (100vw \/ 12)), 100vw\" \/>\t\t\t\t\t\t\t\t\t\t\t\t\t<\/div>\n\t\t\t\t<\/div>\n\t\t\t\t<div class=\"elementor-element elementor-element-f9ddb97 elementor-widget elementor-widget-text-editor\" data-id=\"f9ddb97\" data-element_type=\"widget\" data-widget_type=\"text-editor.default\">\n\t\t\t\t<div class=\"elementor-widget-container\">\n\t\t\t\t\t\t\t<p>Avec son spectacle \u00ab <b>Ch\u00e2teau des Anges<\/b> \u00bb, le <b>Hauts-de-France brass band<\/b> participe au <b>travail de m\u00e9moire<\/b> de notre Histoire. Il pr\u00e9sente des \u0153uvres et des textes racontant comment nos villes et villages du Nord de la France et de Belgique se sont oppos\u00e9s aux forces allemandes lors de la <b>Premi\u00e8re Guerre mondiale.<\/b><\/p><p>Renforc\u00e9e par la <b>projection d\u2019images de guerre d\u2019\u00e9poque<\/b> provenant de l\u2019atelier d\u2019histoire locale d\u2019Haubourdin, le spectacle pr\u00e9sente une r\u00e9alit\u00e9 poignante. Les th\u00e8mes abord\u00e9s sont la peur, la foi, l\u2019espoir, la mort ou l\u2019horreur des combats ainsi que le regret, le remord, le souvenir, le mal du pays et la solitude du soldat. Pour ce spectacle, la musique a \u00e9t\u00e9 compos\u00e9e par le belge <b>Simon van Hoecke<\/b> et les textes sont <b>d\u2019Ann Van Dessel<\/b>. Un narrateur accompagne le Brass Band tout au long du spectacle qui se d\u00e9roule pendant 75 minutes environ sans pause.<\/p><p><b>Un spectacle \u00e0 la fois \u00e9mouvant et porteur de sagesse.<\/b><\/p>\t\t\t\t\t\t<\/div>\n\t\t\t\t<\/div>\n\t\t\t\t\t<\/div>\n\t\t<\/div>\n\t\t\t\t\t<\/div>\n\t\t<\/section>\n\t\t\t\t<\/div>\n\t\t","protected":false},"excerpt":{"rendered":"<p>Concerts Le Hauts-de-France Brass Band propose aux organisateurs diff\u00e9rentes formules. Lors de nos \u00ab\u00a0concerts traditionnels\u00a0\u00bb ou \u00ab\u00a0concerts de gala\u00ab\u00a0, nous proposons un r\u00e9pertoire vari\u00e9 incluant des \u0153uvres originales pour brass [&hellip;]<\/p>\n","protected":false},"author":52,"featured_media":0,"parent":38,"menu_order":0,"comment_status":"open","ping_status":"closed","template":"","meta":{"footnotes":""},"class_list":["post-466","page","type-page","status-publish","hentry","entry"],"jetpack_sharing_enabled":true,"_links":{"self":[{"href":"https:\/\/hautsdefrance-brassband.fr\/index.php?rest_route=\/wp\/v2\/pages\/466"}],"collection":[{"href":"https:\/\/hautsdefrance-brassband.fr\/index.php?rest_route=\/wp\/v2\/pages"}],"about":[{"href":"https:\/\/hautsdefrance-brassband.fr\/index.php?rest_route=\/wp\/v2\/types\/page"}],"author":[{"embeddable":true,"href":"https:\/\/hautsdefrance-brassband.fr\/index.php?rest_route=\/wp\/v2\/users\/52"}],"replies":[{"embeddable":true,"href":"https:\/\/hautsdefrance-brassband.fr\/index.php?rest_route=%2Fwp%2Fv2%2Fcomments&post=466"}],"version-history":[{"count":15,"href":"https:\/\/hautsdefrance-brassband.fr\/index.php?rest_route=\/wp\/v2\/pages\/466\/revisions"}],"predecessor-version":[{"id":19070,"href":"https:\/\/hautsdefrance-brassband.fr\/index.php?rest_route=\/wp\/v2\/pages\/466\/revisions\/19070"}],"up":[{"embeddable":true,"href":"https:\/\/hautsdefrance-brassband.fr\/index.php?rest_route=\/wp\/v2\/pages\/38"}],"wp:attachment":[{"href":"https:\/\/hautsdefrance-brassband.fr\/index.php?rest_route=%2Fwp%2Fv2%2Fmedia&parent=466"}],"curies":[{"name":"wp","href":"https:\/\/api.w.org\/{rel}","templated":true}]}}