{"id":317,"date":"2013-10-30T21:39:53","date_gmt":"2013-10-30T20:39:53","guid":{"rendered":"http:\/\/brassband-npdc.fr\/?page_id=317"},"modified":"2019-12-14T14:58:08","modified_gmt":"2019-12-14T13:58:08","slug":"historique","status":"publish","type":"page","link":"https:\/\/hautsdefrance-brassband.fr\/?page_id=317","title":{"rendered":"Historique"},"content":{"rendered":"<p align=\"justify\">C\u2019est en Angleterre, vers 1830, autour des villes mini\u00e8res et industrielles que les premiers Brass Bands ont vu le jour. Tr\u00e8s vite, cette nouvelle formation, souvent dirig\u00e9e par d\u2019anciens musiciens de musiques militaires, a pris un tel essor que de nombreuses villes, manufactures et mines ont fond\u00e9 leurs propres orchestres. Cette formation sera, pour beaucoup de travailleurs, une soupape de d\u00e9compression apr\u00e8s leurs journ\u00e9es de dur labeur et l\u2019occasion de se mesurer amicalement aux Brass Bands voisins lors de concours amicaux.<\/p>\n<p align=\"justify\">L&rsquo;extraction du charbon g\u00e9n\u00e8re beaucoup de poussi\u00e8re et les soci\u00e9t\u00e9s mini\u00e8res ont encourag\u00e9 et soutenu les orchestres d&rsquo;instruments \u00e0 vent permettant une pratique r\u00e9guli\u00e8re d&rsquo;exercices respiratoires. De fa\u00e7on similaire en France, ce sont les orchestres d&rsquo;harmonie qui se d\u00e9veloppent dans les r\u00e9gions mini\u00e8res du Nord et de l&rsquo;Est.<\/p>\n<p align=\"justify\">L&rsquo;\u00e9mulation entre les orchestres g\u00e9n\u00e9r\u00e9e par ces concours fait rapidement monter le niveau d&rsquo;excellence. Au d\u00e9but du XXe si\u00e8cle, les musiciens \u00ab\u00a0stars\u00a0\u00bb de ces ensembles sont m\u00eame dispens\u00e9s de travailler \u00ab\u00a0au fond\u00a0\u00bb des mines pour des emplois de bureau \u00ab\u00a0\u00e0 la surface\u00a0\u00bb afin de pr\u00e9server leurs poumons.<\/p>\n<p align=\"justify\">En Angleterre, la parution du journal \u00ab British Bandsman \u00bb en 1887\u00a0 s\u2019adresse aux musiciens des brass bands. Il \u00e9tablira une philosophie musicale du mouvement Brass Band. British Bandsman est toujours, de nos jours, un journal de r\u00e9f\u00e9rence pour la pratique du brass band.<\/p>\n<p align=\"justify\">Au Royaume-Uni, il existe plus de 8000 Brass Bands et ce type de formation musicale s&rsquo;est d\u00e9velopp\u00e9e en Europe depuis le milieu du XXe si\u00e8cle, d&rsquo;abord en Suisse, aux Pays-Bas, dans les pays Scandinaves et depuis les ann\u00e9es 90, en France.<\/p>\n<p align=\"justify\">Comme pour une \u00e9quipe sportive, un brass band est compos\u00e9 d&rsquo;une \u00e9quipe de 32 musiciens ayant chacun un r\u00f4le sp\u00e9cifique. A c\u00f4t\u00e9 du chef d&rsquo;orchestre, il est compos\u00e9 d\u2019un cornet soprano (le plus petit des instruments), 9 cornets sib (dont 4 solos, 1 repiano, 2 deuxi\u00e8me cornets et 2 troisi\u00e8me cornets), 1 bugle, 3 saxhorns altos, 2 barytons, 2 euphoniums, 2 trombones t\u00e9nors, 1 trombone basse, 4 tubas (2 en mi b\u00e9mol et 2 en sib &#8211; le plus gros des instruments de l\u2019orchestre) et d&rsquo;un pupitre complet de percussionnistes.<\/p>\n<p align=\"justify\">Les musiciens sont dispos\u00e9s en \u00ab\u00a0U\u00a0\u00bb sur sc\u00e8ne. Ils se serrent les uns contre les autres afin de permettre un son particulier o\u00f9 les timbres de chaque instrument peuvent se m\u00ealer, se m\u00e9langer et ainsi cr\u00e9er un son d&rsquo;ensemble homog\u00e8ne, comme un orgue.<\/p>\n<p align=\"justify\">Au fil des d\u00e9cennies, voire des si\u00e8cles, le r\u00e9pertoire pour la formation brass band s&rsquo;est extr\u00eamement d\u00e9velopp\u00e9. Au XIXe si\u00e8cle, il \u00e9tait principalement compos\u00e9 de transcriptions d\u2019\u0153uvres classiques pour orchestre symphonique mais au cours du XXe si\u00e8cle de nombreux compositeurs se sont sp\u00e9cialis\u00e9s dans l&rsquo;\u00e9criture musicale pour cette formation cr\u00e9ant ainsi un r\u00e9pertoire original.<\/p>\n<p align=\"justify\">Lors des concerts du Hauts-de-France Brass Band, nous tentons de pr\u00e9senter toutes les facettes du r\u00e9pertoire : des \u0153uvres originales, souvent compos\u00e9es pour les concours et exigeant un tr\u00e8s haut niveau technique, des transcriptions de musique classique et de musique actuelle (Vari\u00e9t\u00e9s, Pop, etc.), des concertos avec solistes et d&rsquo;une fa\u00e7on g\u00e9n\u00e9rale une tr\u00e8s grande vari\u00e9t\u00e9 de styles afin de pr\u00e9senter toute l&rsquo;\u00e9tendue de la virtuosit\u00e9 dont nos instruments \u00ab\u00a0cuivres &amp; percussions\u00a0\u00bb sont capables.<\/p>\n","protected":false},"excerpt":{"rendered":"<p>C\u2019est en Angleterre, vers 1830, autour des villes mini\u00e8res et industrielles que les premiers Brass Bands ont vu le jour. Tr\u00e8s vite, cette nouvelle formation, souvent dirig\u00e9e par d\u2019anciens musiciens [&hellip;]<\/p>\n","protected":false},"author":52,"featured_media":0,"parent":38,"menu_order":0,"comment_status":"open","ping_status":"open","template":"","meta":{"footnotes":""},"class_list":["post-317","page","type-page","status-publish","hentry","entry"],"jetpack_sharing_enabled":true,"_links":{"self":[{"href":"https:\/\/hautsdefrance-brassband.fr\/index.php?rest_route=\/wp\/v2\/pages\/317"}],"collection":[{"href":"https:\/\/hautsdefrance-brassband.fr\/index.php?rest_route=\/wp\/v2\/pages"}],"about":[{"href":"https:\/\/hautsdefrance-brassband.fr\/index.php?rest_route=\/wp\/v2\/types\/page"}],"author":[{"embeddable":true,"href":"https:\/\/hautsdefrance-brassband.fr\/index.php?rest_route=\/wp\/v2\/users\/52"}],"replies":[{"embeddable":true,"href":"https:\/\/hautsdefrance-brassband.fr\/index.php?rest_route=%2Fwp%2Fv2%2Fcomments&post=317"}],"version-history":[{"count":10,"href":"https:\/\/hautsdefrance-brassband.fr\/index.php?rest_route=\/wp\/v2\/pages\/317\/revisions"}],"predecessor-version":[{"id":3666,"href":"https:\/\/hautsdefrance-brassband.fr\/index.php?rest_route=\/wp\/v2\/pages\/317\/revisions\/3666"}],"up":[{"embeddable":true,"href":"https:\/\/hautsdefrance-brassband.fr\/index.php?rest_route=\/wp\/v2\/pages\/38"}],"wp:attachment":[{"href":"https:\/\/hautsdefrance-brassband.fr\/index.php?rest_route=%2Fwp%2Fv2%2Fmedia&parent=317"}],"curies":[{"name":"wp","href":"https:\/\/api.w.org\/{rel}","templated":true}]}}